{"id":858,"date":"2023-10-15T16:53:22","date_gmt":"2023-10-15T14:53:22","guid":{"rendered":"https:\/\/app.on25space.com\/manager\/workspace\/20230716195604\/?page_id=858"},"modified":"2024-05-06T23:44:52","modified_gmt":"2024-05-06T21:44:52","slug":"internationale-preise-stipendien","status":"publish","type":"page","link":"https:\/\/zonta-schwaebisch-gmuend.de\/index.php\/internationale-preise-stipendien\/","title":{"rendered":"INTERNATIONALE PREISE + STIPENDIEN"},"content":{"rendered":"<div class=\"fusion-fullwidth fullwidth-box fusion-builder-row-1 fusion-flex-container nonhundred-percent-fullwidth non-hundred-percent-height-scrolling fusion-custom-z-index\" style=\"--awb-border-radius-top-left:0px;--awb-border-radius-top-right:0px;--awb-border-radius-bottom-right:0px;--awb-border-radius-bottom-left:0px;--awb-z-index:0;--awb-flex-wrap:wrap;\" ><div class=\"fusion-builder-row fusion-row fusion-flex-align-items-flex-start fusion-flex-content-wrap\" style=\"max-width:1248px;margin-left: calc(-4% \/ 2 );margin-right: calc(-4% \/ 2 );\"><div class=\"fusion-layout-column fusion_builder_column fusion-builder-column-0 fusion_builder_column_1_1 1_1 fusion-flex-column\" style=\"--awb-bg-blend:overlay;--awb-bg-size:cover;--awb-width-large:100%;--awb-margin-top-large:0px;--awb-spacing-right-large:1.92%;--awb-margin-bottom-large:0px;--awb-spacing-left-large:1.92%;--awb-width-medium:100%;--awb-spacing-right-medium:1.92%;--awb-spacing-left-medium:1.92%;--awb-width-small:100%;--awb-spacing-right-small:1.92%;--awb-spacing-left-small:1.92%;\"><div class=\"fusion-column-wrapper fusion-flex-justify-content-flex-start fusion-content-layout-column\"><div class=\"fusion-text fusion-text-1\"><h1 id=\"page-title\" class=\"title fusion-responsive-typography-calculated\" style=\"--fontsize: 60; line-height: 1.16;\" data-fontsize=\"60\" data-lineheight=\"69.6px\">INTERNATIONALE PREISE + STIPENDIEN<\/h1>\n<div class=\"tabs\"><\/div>\n<div class=\"region region-content\">\n<div id=\"block-system-main\" class=\"block block-system clearfix\">\n<div class=\"content\">\n<div class=\"field field-name-body field-type-text-with-summary field-label-hidden\">\n<div class=\"field-items\">\n<div class=\"field-item even\">\n<p>Die Zonta International Foundation for Women vergibt mehrere Preise und Stipendien.<\/p>\n<p>Weltweit beteiligen sich viele Clubs daran und zeichnen junge M\u00e4dchen und Frauen auf lokaler Ebene aus.<\/p>\n<p>Dar\u00fcber hinaus ermutigen sie diese zu einer Bewerbung auf Distrikt-Ebene. Aus den Distrikt-Siegerinnen ermittelt die Zonta International Foundation for Women die internationalen Preistr\u00e4gerinnen.<\/p>\n<p>In Deutschland werden diese Auszeichnungen von den jeweiligen Clubs betreut und verliehen.<br \/>\nBei Interesse wenden Sie sich bitte an einen Club in Ihrer Region.<b> <a style=\"text-decoration-line: underline; color: var(--awb-color4);\" href=\"https:\/\/www2.zonta-union.de\/club-vor-ort\" target=\"_blank\" rel=\"noopener noreferrer\" data-extlink=\"\">Club suchen<\/a><\/b><\/p>\n<\/div>\n<\/div>\n<\/div>\n<\/div>\n<\/div>\n<\/div>\n<\/div><\/div><\/div><\/div><\/div>\n","protected":false},"excerpt":{"rendered":"","protected":false},"author":1,"featured_media":0,"parent":0,"menu_order":0,"comment_status":"closed","ping_status":"closed","template":"","meta":{"footnotes":""},"class_list":["post-858","page","type-page","status-publish","hentry"],"yoast_head":"<!-- This site is optimized with the Yoast SEO plugin v27.2 - https:\/\/yoast.com\/product\/yoast-seo-wordpress\/ -->\n<title>INTERNATIONALE PREISE + STIPENDIEN - Zonta Club Schw\u00e4bisch Gm\u00fcnd e.V.<\/title>\n<meta name=\"description\" content=\"Die Zonta International Foundation for Women vergibt mehrere Preise und Stipendien.Weltweit beteiligen sich viele Clubs daran und zeichnen junge M\u00e4dchen und Frauen auf lokaler Ebene aus.Dar\u00fcber hinaus ermutigen sie diese zu einer Bewerbung auf Distrikt-Ebene. Aus den Distrikt-Siegerinnen ermittelt die Zonta International Foundation for Women die internationalen Preistr\u00e4gerinnen.\" \/>\n<meta name=\"robots\" content=\"index, follow, max-snippet:-1, max-image-preview:large, max-video-preview:-1\" \/>\n<link rel=\"canonical\" href=\"https:\/\/zonta-schwaebisch-gmuend.de\/index.php\/internationale-preise-stipendien\/\" \/>\n<meta property=\"og:locale\" content=\"de_DE\" \/>\n<meta property=\"og:type\" content=\"article\" \/>\n<meta property=\"og:title\" content=\"INTERNATIONALE PREISE + STIPENDIEN - Zonta Club Schw\u00e4bisch Gm\u00fcnd e.V.\" \/>\n<meta property=\"og:description\" content=\"Die Zonta International Foundation for Women vergibt mehrere Preise und Stipendien.Weltweit beteiligen sich viele Clubs daran und zeichnen junge M\u00e4dchen und Frauen auf lokaler Ebene aus.Dar\u00fcber hinaus ermutigen sie diese zu einer Bewerbung auf Distrikt-Ebene. Aus den Distrikt-Siegerinnen ermittelt die Zonta International Foundation for Women die internationalen Preistr\u00e4gerinnen.\" \/>\n<meta property=\"og:url\" content=\"https:\/\/zonta-schwaebisch-gmuend.de\/index.php\/internationale-preise-stipendien\/\" \/>\n<meta property=\"og:site_name\" content=\"Zonta Club Schw\u00e4bisch Gm\u00fcnd e.V.\" \/>\n<meta property=\"article:modified_time\" content=\"2024-05-06T21:44:52+00:00\" \/>\n<meta name=\"twitter:card\" content=\"summary_large_image\" \/>\n<meta name=\"twitter:label1\" content=\"Gesch\u00e4tzte Lesezeit\" \/>\n\t<meta name=\"twitter:data1\" content=\"1\u00a0Minute\" \/>\n<script type=\"application\/ld+json\" class=\"yoast-schema-graph\">{\"@context\":\"https:\/\/schema.org\",\"@graph\":[{\"@type\":\"WebPage\",\"@id\":\"https:\/\/zonta-schwaebisch-gmuend.de\/index.php\/internationale-preise-stipendien\/\",\"url\":\"https:\/\/zonta-schwaebisch-gmuend.de\/index.php\/internationale-preise-stipendien\/\",\"name\":\"INTERNATIONALE PREISE + STIPENDIEN - Zonta Club Schw\u00e4bisch Gm\u00fcnd e.V.\",\"isPartOf\":{\"@id\":\"https:\/\/zonta-schwaebisch-gmuend.de\/#website\"},\"datePublished\":\"2023-10-15T14:53:22+00:00\",\"dateModified\":\"2024-05-06T21:44:52+00:00\",\"description\":\"Die Zonta International Foundation for Women vergibt mehrere Preise und Stipendien.Weltweit beteiligen sich viele Clubs daran und zeichnen junge M\u00e4dchen und Frauen auf lokaler Ebene aus.Dar\u00fcber hinaus ermutigen sie diese zu einer Bewerbung auf Distrikt-Ebene. Aus den Distrikt-Siegerinnen ermittelt die Zonta International Foundation for Women die internationalen Preistr\u00e4gerinnen.\",\"breadcrumb\":{\"@id\":\"https:\/\/zonta-schwaebisch-gmuend.de\/index.php\/internationale-preise-stipendien\/#breadcrumb\"},\"inLanguage\":\"de\",\"potentialAction\":[{\"@type\":\"ReadAction\",\"target\":[\"https:\/\/zonta-schwaebisch-gmuend.de\/index.php\/internationale-preise-stipendien\/\"]}]},{\"@type\":\"BreadcrumbList\",\"@id\":\"https:\/\/zonta-schwaebisch-gmuend.de\/index.php\/internationale-preise-stipendien\/#breadcrumb\",\"itemListElement\":[{\"@type\":\"ListItem\",\"position\":1,\"name\":\"Startseite\",\"item\":\"https:\/\/zonta-schwaebisch-gmuend.de\/\"},{\"@type\":\"ListItem\",\"position\":2,\"name\":\"INTERNATIONALE PREISE + STIPENDIEN\"}]},{\"@type\":\"WebSite\",\"@id\":\"https:\/\/zonta-schwaebisch-gmuend.de\/#website\",\"url\":\"https:\/\/zonta-schwaebisch-gmuend.de\/\",\"name\":\"Zonta Club Schw\u00e4bisch Gm\u00fcnd e.V.\",\"description\":\"\",\"publisher\":{\"@id\":\"https:\/\/zonta-schwaebisch-gmuend.de\/#organization\"},\"potentialAction\":[{\"@type\":\"SearchAction\",\"target\":{\"@type\":\"EntryPoint\",\"urlTemplate\":\"https:\/\/zonta-schwaebisch-gmuend.de\/?s={search_term_string}\"},\"query-input\":{\"@type\":\"PropertyValueSpecification\",\"valueRequired\":true,\"valueName\":\"search_term_string\"}}],\"inLanguage\":\"de\"},{\"@type\":\"Organization\",\"@id\":\"https:\/\/zonta-schwaebisch-gmuend.de\/#organization\",\"name\":\"Zonta Club Schw\u00e4bisch Gm\u00fcnd e.V.\",\"url\":\"https:\/\/zonta-schwaebisch-gmuend.de\/\",\"logo\":{\"@type\":\"ImageObject\",\"inLanguage\":\"de\",\"@id\":\"https:\/\/zonta-schwaebisch-gmuend.de\/#\/schema\/logo\/image\/\",\"url\":\"https:\/\/zonta-schwaebisch-gmuend.de\/wp-content\/uploads\/2023\/08\/Zonta-Club-of-Schwaebisch-Gmuend-Logo_New-Tag_Horizontal_Color-2.png\",\"contentUrl\":\"https:\/\/zonta-schwaebisch-gmuend.de\/wp-content\/uploads\/2023\/08\/Zonta-Club-of-Schwaebisch-Gmuend-Logo_New-Tag_Horizontal_Color-2.png\",\"width\":4738,\"height\":1546,\"caption\":\"Zonta Club Schw\u00e4bisch Gm\u00fcnd e.V.\"},\"image\":{\"@id\":\"https:\/\/zonta-schwaebisch-gmuend.de\/#\/schema\/logo\/image\/\"},\"sameAs\":[\"https:\/\/www.instagram.com\/zontaschwaebischgmuend\/\"]}]}<\/script>\n<!-- \/ Yoast SEO plugin. -->","yoast_head_json":{"title":"INTERNATIONALE PREISE + STIPENDIEN - Zonta Club Schw\u00e4bisch Gm\u00fcnd e.V.","description":"Die Zonta International Foundation for Women vergibt mehrere Preise und Stipendien.Weltweit beteiligen sich viele Clubs daran und zeichnen junge M\u00e4dchen und Frauen auf lokaler Ebene aus.Dar\u00fcber hinaus ermutigen sie diese zu einer Bewerbung auf Distrikt-Ebene. Aus den Distrikt-Siegerinnen ermittelt die Zonta International Foundation for Women die internationalen Preistr\u00e4gerinnen.","robots":{"index":"index","follow":"follow","max-snippet":"max-snippet:-1","max-image-preview":"max-image-preview:large","max-video-preview":"max-video-preview:-1"},"canonical":"https:\/\/zonta-schwaebisch-gmuend.de\/index.php\/internationale-preise-stipendien\/","og_locale":"de_DE","og_type":"article","og_title":"INTERNATIONALE PREISE + STIPENDIEN - Zonta Club Schw\u00e4bisch Gm\u00fcnd e.V.","og_description":"Die Zonta International Foundation for Women vergibt mehrere Preise und Stipendien.Weltweit beteiligen sich viele Clubs daran und zeichnen junge M\u00e4dchen und Frauen auf lokaler Ebene aus.Dar\u00fcber hinaus ermutigen sie diese zu einer Bewerbung auf Distrikt-Ebene. Aus den Distrikt-Siegerinnen ermittelt die Zonta International Foundation for Women die internationalen Preistr\u00e4gerinnen.","og_url":"https:\/\/zonta-schwaebisch-gmuend.de\/index.php\/internationale-preise-stipendien\/","og_site_name":"Zonta Club Schw\u00e4bisch Gm\u00fcnd e.V.","article_modified_time":"2024-05-06T21:44:52+00:00","twitter_card":"summary_large_image","twitter_misc":{"Gesch\u00e4tzte Lesezeit":"1\u00a0Minute"},"schema":{"@context":"https:\/\/schema.org","@graph":[{"@type":"WebPage","@id":"https:\/\/zonta-schwaebisch-gmuend.de\/index.php\/internationale-preise-stipendien\/","url":"https:\/\/zonta-schwaebisch-gmuend.de\/index.php\/internationale-preise-stipendien\/","name":"INTERNATIONALE PREISE + STIPENDIEN - Zonta Club Schw\u00e4bisch Gm\u00fcnd e.V.","isPartOf":{"@id":"https:\/\/zonta-schwaebisch-gmuend.de\/#website"},"datePublished":"2023-10-15T14:53:22+00:00","dateModified":"2024-05-06T21:44:52+00:00","description":"Die Zonta International Foundation for Women vergibt mehrere Preise und Stipendien.Weltweit beteiligen sich viele Clubs daran und zeichnen junge M\u00e4dchen und Frauen auf lokaler Ebene aus.Dar\u00fcber hinaus ermutigen sie diese zu einer Bewerbung auf Distrikt-Ebene. Aus den Distrikt-Siegerinnen ermittelt die Zonta International Foundation for Women die internationalen Preistr\u00e4gerinnen.","breadcrumb":{"@id":"https:\/\/zonta-schwaebisch-gmuend.de\/index.php\/internationale-preise-stipendien\/#breadcrumb"},"inLanguage":"de","potentialAction":[{"@type":"ReadAction","target":["https:\/\/zonta-schwaebisch-gmuend.de\/index.php\/internationale-preise-stipendien\/"]}]},{"@type":"BreadcrumbList","@id":"https:\/\/zonta-schwaebisch-gmuend.de\/index.php\/internationale-preise-stipendien\/#breadcrumb","itemListElement":[{"@type":"ListItem","position":1,"name":"Startseite","item":"https:\/\/zonta-schwaebisch-gmuend.de\/"},{"@type":"ListItem","position":2,"name":"INTERNATIONALE PREISE + STIPENDIEN"}]},{"@type":"WebSite","@id":"https:\/\/zonta-schwaebisch-gmuend.de\/#website","url":"https:\/\/zonta-schwaebisch-gmuend.de\/","name":"Zonta Club Schw\u00e4bisch Gm\u00fcnd e.V.","description":"","publisher":{"@id":"https:\/\/zonta-schwaebisch-gmuend.de\/#organization"},"potentialAction":[{"@type":"SearchAction","target":{"@type":"EntryPoint","urlTemplate":"https:\/\/zonta-schwaebisch-gmuend.de\/?s={search_term_string}"},"query-input":{"@type":"PropertyValueSpecification","valueRequired":true,"valueName":"search_term_string"}}],"inLanguage":"de"},{"@type":"Organization","@id":"https:\/\/zonta-schwaebisch-gmuend.de\/#organization","name":"Zonta Club Schw\u00e4bisch Gm\u00fcnd e.V.","url":"https:\/\/zonta-schwaebisch-gmuend.de\/","logo":{"@type":"ImageObject","inLanguage":"de","@id":"https:\/\/zonta-schwaebisch-gmuend.de\/#\/schema\/logo\/image\/","url":"https:\/\/zonta-schwaebisch-gmuend.de\/wp-content\/uploads\/2023\/08\/Zonta-Club-of-Schwaebisch-Gmuend-Logo_New-Tag_Horizontal_Color-2.png","contentUrl":"https:\/\/zonta-schwaebisch-gmuend.de\/wp-content\/uploads\/2023\/08\/Zonta-Club-of-Schwaebisch-Gmuend-Logo_New-Tag_Horizontal_Color-2.png","width":4738,"height":1546,"caption":"Zonta Club Schw\u00e4bisch Gm\u00fcnd e.V."},"image":{"@id":"https:\/\/zonta-schwaebisch-gmuend.de\/#\/schema\/logo\/image\/"},"sameAs":["https:\/\/www.instagram.com\/zontaschwaebischgmuend\/"]}]}},"_links":{"self":[{"href":"https:\/\/zonta-schwaebisch-gmuend.de\/index.php\/wp-json\/wp\/v2\/pages\/858","targetHints":{"allow":["GET"]}}],"collection":[{"href":"https:\/\/zonta-schwaebisch-gmuend.de\/index.php\/wp-json\/wp\/v2\/pages"}],"about":[{"href":"https:\/\/zonta-schwaebisch-gmuend.de\/index.php\/wp-json\/wp\/v2\/types\/page"}],"author":[{"embeddable":true,"href":"https:\/\/zonta-schwaebisch-gmuend.de\/index.php\/wp-json\/wp\/v2\/users\/1"}],"replies":[{"embeddable":true,"href":"https:\/\/zonta-schwaebisch-gmuend.de\/index.php\/wp-json\/wp\/v2\/comments?post=858"}],"version-history":[{"count":5,"href":"https:\/\/zonta-schwaebisch-gmuend.de\/index.php\/wp-json\/wp\/v2\/pages\/858\/revisions"}],"predecessor-version":[{"id":1296,"href":"https:\/\/zonta-schwaebisch-gmuend.de\/index.php\/wp-json\/wp\/v2\/pages\/858\/revisions\/1296"}],"wp:attachment":[{"href":"https:\/\/zonta-schwaebisch-gmuend.de\/index.php\/wp-json\/wp\/v2\/media?parent=858"}],"curies":[{"name":"wp","href":"https:\/\/api.w.org\/{rel}","templated":true}]}}